 - 194 = 2*b - 7*b. What are the prime factors of f?
11, 19
Suppose o - 236 + 30 = -i, 4*i = 2*o - 436. Suppose -2*p = 4*s - 60 - o, -2*s - 5*p + 155 = 0. What are the prime factors of s?
5, 13
Suppose 0 = 32*j - 19*j - 3081. What are the prime factors of j?
3, 79
Suppose 0 = -3*i + 2 + 13. Suppose -r = -i*r. Let n = 15 + r. What are the prime factors of n?
3, 5
Let u(v) = 683*v - 13 + 0*v**2 - 669*v + 2*v**2. What are the prime factors of u(-11)?
3, 5
Let q = -742 - -1645. What are the prime factors of q?
3, 7, 43
Suppose 11*x - 1260 = 6198. What are the prime factors of x?
2, 3, 113
Suppose -2*j = -8, x - 5 = -17*j + 22*j. Let n = 120 + -81. Let t = n - x. What are the prime factors of t?
2, 7
Let q = -35 + 41. Suppose 297 = -3*k + q*k. List the prime factors of k.
3, 11
Let z be 3 - ((-7)/21 + 56/(-3)). Suppose z - 1 = 7*k. What are the prime factors of k?
3
Let b(u) = 2*u**3 + 6*u**2 + 5*u + 7. Let j be b(-4). Let k = j + 29. Let h = 14 - k. What are the prime factors of h?
2, 3, 5
Let b = 12 + 1. Let p = 72 + b. What are the prime factors of p?
5, 17
List the prime factors of (960 - 2) + (0 - 4).
2, 3, 53
Let g(s) = -s**3 - 4*s**2 + 4*s + 7. Suppose 12*n = 11*n - 5. List the prime factors of g(n).
2, 3
Let a(g) be the second derivative of g**5/20 - g**4/2 - 5*g**2/2 - 6*g. List the prime factors of a(7).
2, 11
Suppose -20*r = -3*r - 187. Let p be 7 + 1/(-1) + 1. Let y = r - p. What are the prime factors of y?
2
Suppose 20 = -c - 4*k, -10*c - k - 5 = -13*c. List the prime factors of (3 - -63 - c)*(1 + 1).
2, 3, 11
Suppose -3*f + 1037 = -361. List the prime factors of f.
2, 233
Let q be 4/(4/417) - 24/(-8). Suppose 5*j - q = 3*k, 4*j + k = 31 + 322. What are the prime factors of j?
3, 29
Suppose 4*t = 506 + 842. What are the prime factors of t?
337
Let x(y) = y**2 + 10*y - 11. Let b be x(-8). Let s be (4/(-6))/(1/b). What are the prime factors of 426/s + (-2)/3?
23
Let t(n) = 3 - 4*n**2 - 4*n**2 + 7*n**2 - 3*n. Let x be t(-3). Suppose 4*k = 3*k - 2*c + 11, -c = x*k - 58. List the prime factors of k.
3, 7
Let z = 5618 + -2411. What are the prime factors of z?
3, 1069
Let w be (-5)/2*8/(-4). Suppose 0 = 4*n - n - w*i - 12, 2*i = -n + 4. Suppose n*x - 43 = 13. List the prime factors of x.
2, 7
Let u = -543 + 840. What are the prime factors of u?
3, 11
Suppose -1253 = -3*z + 100. List the prime factors of z.
11, 41
Let y(u) = 4*u + 18. Let n(t) = 1. Let z(h) = -6*n(h) + y(h). What are the prime factors of z(4)?
2, 7
Suppose 23*j = 26*j - 13482. What are the prime factors of j?
2, 3, 7, 107
Suppose 8*o - 5*o - 72 = -3*g, 5*g = 20. List the prime factors of o/8 + -2 + (-6)/(-4).
2
Let q(y) = -12*y - 3. Let h be q(-3). Suppose -5*s + 273 = -112. Let n = s - h. What are the prime factors of n?
2, 11
Let l(w) = 5*w + 7. Let f(r) be the first derivative of r - 5. Let i(n) = 5*f(n) - l(n). What are the prime factors of i(-5)?
23
Let x(o) = 5*o**2 + 4*o - 4. Let z be (-90)/21 + (-4)/(-14). Let v be x(z). Suppose 0 = -4*h + h + v. What are the prime factors of h?
2, 5
Let k be 66 - -4*5/10. Let x = 48 - k. List the prime factors of (50/x)/(1/(-12)).
2, 3, 5
Suppose 2*g - 899 = -3*d + 3232, 0 = -3*d + 3*g + 4131. What are the prime factors of d?
3, 17
Let r = -1420 + 4482. List the prime factors of r.
2, 1531
Let a = 22 + -49. Let i = a + 55. Suppose 4*p = 5*u + 228, 0 = 3*p + 3*u - 143 - i. List the prime factors of p.
3, 19
Let r = 50 + -46. Suppose 35 + 21 = r*x. List the prime factors of x.
2, 7
List the prime factors of (3868 + -8)*(-7)/(-28).
5, 193
Suppose -17 = -3*b + 19. Let n = -10 + b. Suppose n*w = 38 + 8. List the prime factors of w.
23
Let b(h) = 30*h**2 + 94*h - 604. What are the prime factors of b(6)?
2, 5, 13
Suppose 0 = -5*d + 5*k, 2*k + 12 = -k. Let l be (-4 - d) + 0 + -7. Let b = l - -32. List the prime factors of b.
5
Let v(m) = -m**2 - 5*m + 6. Let t be v(-6). Suppose 78 = 5*l - f + 16, t = 4*l - 2*f - 52. List the prime factors of 36/l - (1 + -22).
2, 3
Suppose 0 = 9*j - 13*j + 200. Suppose 3*c + j - 389 = 0. List the prime factors of c.
113
Let v be 2728/10 + 4/20. Suppose -3*h + v = -3. Let k = h - 42. List the prime factors of k.
2, 5
What are the prime factors of 2179/(-5 + 3 - -3)?
2179
Let h = -1432 - -2492. List the prime factors of h.
2, 5, 53
Let d(u) = -11*u - 96. What are the prime factors of d(-9)?
3
Let v(x) = -45*x - 7. Let k be v(-7). Suppose 2*o + o - a = k, 3*a - 312 = -3*o. List the prime factors of o.
103
Let i(l) be the first derivative of -l**4/4 + l**3 - 3*l**2/2 - 4*l + 17. What are the prime factors of i(-3)?
59
Let s be (-586)/(-10) + 10/25. List the prime factors of (-3 - 0) + s - -4.
2, 3, 5
Let n = -1 + -11. Let g be (-608)/n*(1 - -2). Suppose g - 4 = 2*v. List the prime factors of v.
2, 37
Suppose 5*u + p - 1161 = 0, u = 2*p + 189 + 41. What are the prime factors of u?
2, 29
Suppose 2*n = -5*p + 275 + 601, 0 = -n - p + 438. What are the prime factors of n?
2, 3, 73
Suppose 30*n - 34*n - 6701 = -5*u, -4*u + 5366 = 2*n. List the prime factors of u.
3, 149
Let w(r) = r - 14. Let t be w(17). Suppose -3*b + 5*g + 190 + 239 = 0, -t*b = -2*g - 438. List the prime factors of b.
2, 37
What are the prime factors of (-6)/(-54) - 20636/(-9)?
2293
Suppose m - 4*r = 1781 - 646, 0 = 2*r - 10. What are the prime factors of m?
3, 5, 7, 11
What are the prime factors of 12/5*((-182)/(-14) - -407)?
2, 3, 7
Let j be (-7 + 17)/(2 - 0). Suppose -48 + 213 = j*k. List the prime factors of k.
3, 11
Suppose -4*g + 2528 = f, 4833 + 7777 = 5*f + 5*g. What are the prime factors of f?
2, 3, 5, 7
Let k(l) = -18*l + 1. Let r be k(-1). Suppose -r*i + 16*i + 144 = 0. What are the prime factors of i?
2, 3
Let y = 62 + -36. Suppose 0 = 5*z + 25, -2*r = -3*z - 20 - 11. Suppose r + y = a. What are the prime factors of a?
2, 17
Suppose -4*g = -79*j + 78*j + 3116, 5*g = 3*j - 9355. List the prime factors of j.
2, 3, 5, 13
Suppose -42 = -2*x - 6. Suppose 0 = -3*p - 0*p + x. List the prime factors of p.
2, 3
Let l = 9 - -5. Let h be 38/9 - l/63. Suppose -5*r + 2*y = h*y - 106, 98 = 4*r - 5*y. List the prime factors of r.
2, 11
List the prime factors of 24/(-4)*-3*(-1052)/(-72).
263
Let j(h) = -4*h - 30. Let s be j(-8). Suppose 2*b + 300 = s*y, 2*y = -5*b + 51 + 221. What are the prime factors of y?
2, 73
Suppose 3*o - 5*a = o + 22, -a = 2. Suppose -2*v = -o*v + 352. List the prime factors of v.
2, 11
Let x = 65 + -62. Suppose x*z - 273 = -2*v, -2*v + z + 303 = -2*z. List the prime factors of v.
2, 3
Let o be 6/10*(-6 - -1). Let w(u) = u**2 - 2*u - 3. Let d be w(o). Suppose 4*y - v = 90, 2*y - 56 = v - d. List the prime factors of y.
23
Suppose -9*n = -7556 - 12253. What are the prime factors of n?
31, 71
Let h be (-1 - 1)*(-2)/(-4). What are the prime factors of -2 + h + 8 + 4?
3
Let g = 7 + -5. Let p = g - -2. Suppose 4*f + 104 = 3*c + c, -p*c + 3*f = -103. List the prime factors of c.
5
Let l(o) = 185*o - 14. Let q be l(-2). Let g = -262 - q. List the prime factors of g.
2, 61
List the prime factors of 36/(-252) + 1/(21/3237).
2, 7, 11
Suppose -4*n = t - 17, t - 3*t = -3*n + 21. Suppose 1060 = 5*r + n*r. What are the prime factors of r?
2, 53
What are the prime factors of (27 - 969)*(-1 + -2)?
2, 3, 157
Let d(l) = -4*l**3 - l**2 + 13*l + 4. Let o(f) = 5*f**3 + f**2 - 14*f - 6. Let z(m) = 6*d(m) + 5*o(m). List the prime factors of z(4).
2, 37
Let y(o) = o**3 + 9*o**2 + 8*o - 3. Let x be y(-7). Let u = x - 27. What are the prime factors of u?
2, 3
Let u = 657 + -137. List the prime factors of u.
2, 5, 13
Let u(w) = -w**3 + 18*w**2 + w. Let x be u(17). Suppose -p + x = p. Suppose -255 = -5*h - 2*m, -2*m + m = -3*h + p. What are the prime factors of h?
3, 17
Suppose -453 + 83 = -10*n. List the prime factors of n.
37
Let k = 576 + -447. List the prime factors of k.
3, 43
Suppose -2*s + 110 = -38. Suppose 5*a - 3*a + s = 2*h, 2*h - 3*a - 74 = 0. Suppose -h + 133 = 3*p. What are the prime factors of p?
2
Suppose 6*b + 5 = 29. Suppose -2*l - l = -5*r + 454, 190 = 2*r - b*l. What are the prime factors of r?
89
Let l = -12 + 18. Let y = l - -11. What are the prime factors of y?
17
Suppose 4*l = 5*m + 91, -3*l - l = -m - 79. Let u(o) = o**2 - 14*o - 20. What are the prime factors of u(l)?
3, 5
Let h = 65 + -60. Suppose -2*p = 4*l - 295 - 359, h*l = 